{"id":43,"date":"2022-09-13T12:46:03","date_gmt":"2022-09-13T12:46:03","guid":{"rendered":"https:\/\/lupus-plan.de\/?page_id=43"},"modified":"2023-10-12T15:15:12","modified_gmt":"2023-10-12T15:15:12","slug":"beratung-2","status":"publish","type":"page","link":"https:\/\/lupus-plan.de\/?page_id=43","title":{"rendered":"Beratung"},"content":{"rendered":"\n<p>lupusplan ber\u00e4t Sie zu artenschutzfachlichen Fragen passgenau zugeschnitten f\u00fcr Ihr Projekt. Neben <em><strong>Scoping <\/strong><\/em>und <em><strong>Machbarkeitsstudien <\/strong><\/em>bieten wir dezidierte <em><strong>Projektsteuerung<\/strong><\/em>.<\/p>\n\n\n\n<p>Sie haben Fl\u00e4chen auf denen Sie etwas f\u00fcr die Biodiversit\u00e4t tun m\u00f6chten? Wir erarbeiten mit Ihnen Konzepte f\u00fcr <em><strong>Garten, Hof, Jagd, landwirtschaftliche Nutzfl\u00e4che <\/strong><\/em>oder f\u00fcr Ihren <em><strong>Wald <\/strong><\/em>zur Verbesserung der Biodiversit\u00e4t.<\/p>\n\n\n\n<p>Die Erwirtschaftung von <em><strong>\u00d6kopunkten <\/strong><\/em>kann zweierlei Hintergr\u00fcnde haben. Zum einen den Ausgleich von umgesetzten Ma\u00dfnahmen und zum anderen der Gewinn an \u00f6kologischer Qualit\u00e4t der Fl\u00e4che und der Weiterverkauf der Punkte f\u00fcr ein anderen <em><strong>\u00d6kokonto<\/strong><\/em>. Kontaktieren Sie uns &#8211; wir pr\u00fcfen das Potenzial und stellen Ihnen eine Kalkulation auf.<\/p>\n\n\n\n<p>F\u00fcr Gruppen bieten wir auf Anfrage Vogelstimmenexkursionen oder Kurse f\u00fcr Naturliebhaber oder Kinder an.<\/p>\n\n\n\n<figure class=\"wp-block-image size-large\"><img loading=\"lazy\" decoding=\"async\" width=\"1024\" height=\"256\" src=\"https:\/\/lupus-plan.de\/wp-content\/uploads\/2022\/09\/2021-10-09-08.51.13-scaled-e1663090664669-1024x256.jpg\" alt=\"\" class=\"wp-image-98\" srcset=\"https:\/\/lupus-plan.de\/wp-content\/uploads\/2022\/09\/2021-10-09-08.51.13-scaled-e1663090664669-1024x256.jpg 1024w, https:\/\/lupus-plan.de\/wp-content\/uploads\/2022\/09\/2021-10-09-08.51.13-scaled-e1663090664669-300x75.jpg 300w, https:\/\/lupus-plan.de\/wp-content\/uploads\/2022\/09\/2021-10-09-08.51.13-scaled-e1663090664669-768x192.jpg 768w, https:\/\/lupus-plan.de\/wp-content\/uploads\/2022\/09\/2021-10-09-08.51.13-scaled-e1663090664669-1536x384.jpg 1536w, https:\/\/lupus-plan.de\/wp-content\/uploads\/2022\/09\/2021-10-09-08.51.13-scaled-e1663090664669-2048x512.jpg 2048w, https:\/\/lupus-plan.de\/wp-content\/uploads\/2022\/09\/2021-10-09-08.51.13-scaled-e1663090664669-640x160.jpg 640w\" sizes=\"(max-width: 1024px) 100vw, 1024px\" \/><\/figure>\n","protected":false},"excerpt":{"rendered":"<p>lupusplan ber\u00e4t Sie zu artenschutzfachlichen Fragen passgenau zugeschnitten f\u00fcr Ihr Projekt. Neben Scoping und Machbarkeitsstudien bieten wir dezidierte Projektsteuerung. Sie haben Fl\u00e4chen auf denen Sie etwas f\u00fcr die Biodiversit\u00e4t tun m\u00f6chten? Wir erarbeiten mit Ihnen Konzepte f\u00fcr Garten, Hof, Jagd, landwirtschaftliche Nutzfl\u00e4che oder f\u00fcr Ihren Wald zur Verbesserung der Biodiversit\u00e4t. Die Erwirtschaftung von \u00d6kopunkten kann [&hellip;]<\/p>\n","protected":false},"author":1,"featured_media":0,"parent":0,"menu_order":0,"comment_status":"closed","ping_status":"closed","template":"","meta":{"saved_in_kubio":false,"footnotes":""},"class_list":["post-43","page","type-page","status-publish","hentry"],"kubio_ai_page_context":{"short_desc":"","purpose":"general"},"_links":{"self":[{"href":"https:\/\/lupus-plan.de\/index.php?rest_route=\/wp\/v2\/pages\/43","targetHints":{"allow":["GET"]}}],"collection":[{"href":"https:\/\/lupus-plan.de\/index.php?rest_route=\/wp\/v2\/pages"}],"about":[{"href":"https:\/\/lupus-plan.de\/index.php?rest_route=\/wp\/v2\/types\/page"}],"author":[{"embeddable":true,"href":"https:\/\/lupus-plan.de\/index.php?rest_route=\/wp\/v2\/users\/1"}],"replies":[{"embeddable":true,"href":"https:\/\/lupus-plan.de\/index.php?rest_route=%2Fwp%2Fv2%2Fcomments&post=43"}],"version-history":[{"count":2,"href":"https:\/\/lupus-plan.de\/index.php?rest_route=\/wp\/v2\/pages\/43\/revisions"}],"predecessor-version":[{"id":139,"href":"https:\/\/lupus-plan.de\/index.php?rest_route=\/wp\/v2\/pages\/43\/revisions\/139"}],"wp:attachment":[{"href":"https:\/\/lupus-plan.de\/index.php?rest_route=%2Fwp%2Fv2%2Fmedia&parent=43"}],"curies":[{"name":"wp","href":"https:\/\/api.w.org\/{rel}","templated":true}]}}